 -x - 7 - 11 = -2*f, 20 = 5*x. Suppose -4*u - f = -3. Let c be u/(-2) + 3 + -1. Give p(c).
7
Let t = 30 + -34. Let v(z) be the first derivative of -z**3/3 - 2*z**2 + z + 3. Calculate v(t).
1
Suppose 0 = y + 4*a - 12, 2*y - 6*a + 2 = -a. Let w(g) = -g**2 - 15*g + 5. Let z(d) = d**2 + 8*d - 3. Let r(u) = -3*w(u) - 5*z(u). Calculate r(y).
-12
Let b = -10 - -5. Let s(y) be the second derivative of y**4/24 + 2*y**3 - 3*y**2/2 + 2*y. Let a(w) be the first derivative of s(w). Give a(b).
7
Let d(y) = 5*y + 0 + 1 - 9*y + 5*y. What is d(-3)?
-2
Let r(s) = -s**3 - 3*s**2 + 1. Let o(v) = -v. Let i = -9 + 12. Let n be o(i). Determine r(n).
1
Let p = 7 + -7. Let o(r) = r + 1. Let n be o(2). Let q(u) = n*u**3 - 5*u - 2*u**3 + 4*u + 2*u + 6. Give q(p).
6
Let a(o) be the third derivative of 0 + o**2 + 1/3*o**3 + 0*o - 1/120*o**6 + 0*o**4 + 1/20*o**5. Let x(h) = 2*h - 7. Let p be x(5). Determine a(p).
2
Let d(w) = w + 3*w + 22 - 22. Calculate d(-1).
-4
Let y(m) = -3*m - 1. Let c = 51 + -57. Determine y(c).
17
Suppose 3*u - 31 = -2*u - 4*k, -4*u + k + 8 = 0. Let g be (-10)/(-15)*(3 - 0). Let t(z) = 0*z**2 + 2*z**g - z**u + 0*z**2 + 2. Give t(2).
2
Suppose 3*z - 2*k - 29 = 2*k, -8 = -2*z - 3*k. Let n(w) = -2*w + 6. Give n(z).
-8
Suppose 3*u + 19 = -2*i, 0*u + 5*i = 3*u + 5. Let k(n) = 3*n + 5. Calculate k(u).
-10
Let w(n) = -n**3 - 2*n**2 - 2*n - 3. Let s(d) = -3*d**2 - 6*d - d**2 - 8 + 5*d**2 + 11*d. Let k be s(-6). Give w(k).
1
Let s(h) = -5*h - 1. Let f(d) = 1. Let m(x) = 5*f(x) + s(x). Let c(r) = -r - 3. Let u be c(-6). Determine m(u).
-11
Let h(x) be the first derivative of 7*x**2/2 - 6*x + 2. Let d be h(5). Suppose -d = -4*s - 9. Let y(j) = j**2 - 6*j + 2. What is y(s)?
-3
Suppose w - 3*c + 2 = 0, w + 4*w = 2*c - 23. Let k be (4/(-8))/((-1)/4). Let y(p) = -6*p**3 + 5*p**2 + k*p**3 + 4 + 5*p**3. Calculate y(w).
4
Let q be (0/(5 + -2))/1. Let w = -1 + q. Let p be -2 + 7 + (-3 - w). Let y(j) = -j**2 + j - 1. Calculate y(p).
-7
Let x = 426 - 424. Let b(a) = -3*a**2 - a - 2. Let q(y) = 9*y**2 + 3*y + 5. Let v(h) = 8*b(h) + 3*q(h). What is v(x)?
13
Let v(q) = -3*q - 4. Let g(a) be the first derivative of -4*a**2 - 12*a + 3. Let f(d) = 6*g(d) - 17*v(d). Calculate f(3).
5
Let i(g) = g**2 + 7*g + 4. Suppose -2*f - 8 = -3*f. Let p be f/(-36) - (-43)/(-9). Calculate i(p).
-6
Let i(w) = 2*w + 1. Let q(p) = -4*p - 1. Let u(d) = 5*i(d) + 3*q(d). Let b(g) = -g**3 + 2*g**2 + 5*g - 3. Let y be b(3). Calculate u(y).
-4
Let v(p) = p**2 - 6*p - 7. Let d be v(7). Suppose 0*j = -4*z + 2*j + 6, -z + j + 1 = d. Let g(h) = 4*h - 5*h - 5*h + z + 4*h. Calculate g(2).
-2
Let o(w) be the third derivative of -1/24*w**4 + 1/30*w**5 - w**2 + 0*w + 0 + 1/120*w**6 + 0*w**3. What is o(1)?
2
Let p(v) = -14*v**3 + 11*v**2 + 20*v + 6. Let n(s) = -5*s**3 + 4*s**2 + 7*s + 2. Let f(t) = -11*n(t) + 4*p(t). Let z = 3 - 5. Calculate f(z).
4
Let p(o) be the third derivative of 0 + 1/60*o**5 + 1/6*o**3 + 0*o + 1/8*o**4 - o**2 - 1/360*o**6. Let s(w) be the first derivative of p(w). Give s(-2).
-5
Let h(m) = 7*m**3 - 2*m**2 + m. Let l(t) = t**2 + 3*t + 3. Let n be l(-2). Calculate h(n).
6
Let x(n) = -n**2 + 0*n + 1 + 1 + 7*n. Give x(8).
-6
Let i = -123 + 127. Let t(o) = o**2 - 2*o - 2. Give t(i).
6
Suppose 3*w + 4*o = -16, 2*w + 4*o = -o - 13. Let d(u) = u**3 + 3*u**2 - 4*u + 3. Give d(w).
3
Let v be 4/24*-4*3. Let l(w) = w**2 - 2*w - 2*w**2 + w. Give l(v).
-2
Let r(h) = -h - 10. Let x(m) = m**2 - 7*m - 3. Let u be x(6). Calculate r(u).
-1
Let p(t) = 5 + 2*t - 3*t + 0*t - 3. Give p(-5).
7
Let g(o) = -10*o - 1. Let t be -4*(1 - 2) - 3. Determine g(t).
-11
Let d(c) be the second derivative of -c**5/20 + c**4/3 - c**2 - c. Let p = 9 + -6. Suppose 5*s + 5*b = 45, 2 = -2*s + p*b - 5. What is d(s)?
-2
Suppose -3*r - 2*r + 85 = 0. Let d(m) = -r - m - 10 + 17. Calculate d(-5).
-5
Let q(z) = z**3 + 5*z**2 - 5. Suppose 3*k + 0*k - 5*v + 35 = 0, -3*k - 2*v = 7. Determine q(k).
-5
Let u(b) = -3*b + 3. Suppose 0 = 2*y - 6*y + 32. Let c(t) = t + 5. Let n be c(-3). Suppose 2*h + 3*l = 4*h + n, -4*h + 3*l + y = 0. Determine u(h).
-12
Let q(f) = 5*f**3 + f**2 + 4*f. Let i(m) = -m**3 - m**2 - 1. Let t(r) = -6*i(r) - q(r). Determine t(-6).
-6
Let s(k) be the second derivative of 1/2*k**2 + 0 + 0*k**3 - 1/6*k**4 - 2*k - 1/20*k**5. Determine s(-1).
0
Let u(d) = 6 - 1 + d - 8 - 2. Suppose 0 = -3*b + 2*b + 5. Give u(b).
0
Let s(r) = -r**2 - 5*r + 4. Let i(q) = -q**3 + 9*q**2 - q + 6. Let g be i(9). Calculate s(g).
10
Suppose -3*r + 4 = -r. Suppose 0 = n + 3*j + 8, -4*n - 3 = r*j - 1. Let a(h) = h. Calculate a(n).
1
Let b(p) = -p**3 + 6*p**2 + 2*p - 6. Let t be (-5 + -2 + 8)*6*1. Calculate b(t).
6
Let k(v) = 3*v**2 - 5*v + 2. Suppose b = 5*z + 14 - 1, 2*b = 2*z + 10. Determine k(b).
14
Let p = -14 + 23. Let g be (5/(-15))/(1/p). Let d(r) = 2*r**2 - 1 + 0*r**3 - r**3 - 3 + 2*r**3. Determine d(g).
-13
Let h(u) = u + 9. Let r be h(4). Let l(o) = 5*o - 2 - 1 - r*o + 0*o**2 - 2*o**2. Give l(-5).
-13
Let v(q) = q**2 - 6*q - 6. Suppose 2*w + 20 = 4*w. Let k be (-2)/(-1)*w/4. What is v(k)?
-11
Let v(m) be the third derivative of -m**5/60 + m**4/6 - m**3/6 - 9*m**2. Give v(4).
-1
Let h be 2/((-4)/(-2)) - 0. Let w(s) = -5 - 50*s**3 + 5 + 45*s**3 + s**2. Give w(h).
-4
Let y(m) = -2*m**2 - 5*m + 8. Let q(r) = -3*r**2 - 11*r + 16. Suppose 0 = -7*w + 3*w - 12. Let d(s) = w*q(s) + 5*y(s). What is d(6)?
4
Let n(x) = -x + 1. Let c(j) = 7*j - 9. Let l(y) = c(y) + 6*n(y). Suppose -2*h + 163 = 13. Let g be h/27 + (-2)/(-9). Calculate l(g).
0
Let i(f) = -5*f**3 - 11*f**2 - 7*f - 11. Let n(w) = 3*w**3 + 6*w**2 + 4*w + 6. Let m(j) = -4*i(j) - 7*n(j). Determine m(2).
2
Let n be (2 - -4)/(-3) - -7. Suppose -4*o + 12 = 4*u - 28, -5*u + 2*o + 15 = 0. Let y(z) = z + u + 0*z - 3. Give y(n).
7
Let b(u) = u**3 + 5*u**2 + u - 2. Suppose -12 = 6*r + 6. Give b(r).
13
Let n(s) = 3 - 4 - 3*s**2 + s - 2*s**2 + 6*s**2. Let p(y) = -4*y**3 - y**2. Let j be p(-1). Let l be (-1 - -2)/(j/6). Calculate n(l).
5
Let j(l) = l**3 - 7*l**2 - 9*l + 10. Let u be j(8). Let x(t) = 2*t + 3*t**2 - 4*t - 5*t + 3*t + 3. What is x(u)?
7
Let f be ((-2)/(-6))/(6/702). Let t be (2/(-3))/((-2)/f). Let o = t - 11. Let p(l) = -l**2 + 3*l + 2. Calculate p(o).
4
Let z(q) = q + 8. Let l be z(-6). Let r = 28 - 16. Suppose l*v - 5*v = -r. Let k(t) = 3*t - 6. Give k(v).
6
Suppose 0 = 4*b - 0*b - 24. Let j(o) = -o**3 + 6*o**2 - 2*o + 8. Let r be j(b). Let f(g) = -2*g - 4. Give f(r).
4
Let y(p) be the second derivative of -p**4/24 + 7*p**3/6 - 4*p**2 - p. Let l(z) be the first derivative of y(z). Determine l(3).
4
Let r be 5/2*(-12)/(-15). Suppose -6*o = -5*o - 5*x + 4, o - r*x = -4. Let z(t) = 3*t + 2. Give z(o).
-10
Let a = 0 + 5. Suppose -3 - 7 = a*j. Let b(h) = -h + 0 + 3 + 0*h**2 - 2*h**2 - 2. Determine b(j).
-5
Let j(z) be the second derivative of 0 + 5/2*z**2 + z + 1/2*z**4 + 1/20*z**5 + 0*z**3. Determine j(-6).
5
Let k(i) be the first derivative of 3*i**4/2 + 2*i**3/3 - i - 1. Let s(m) = m**3 + 2*m**2 - 2. Let r be s(-2). Let b be r/6 - (-2)/(-3). What is k(b)?
-5
Suppose 3*u = u + 2. Let h = 3 - u. Let y(g) = -1 + 2*g**h - 5 - g**2 - g**3. What is y(0)?
-6
Let t(h) = -h. Let i(j) = -9*j. Let a(g) = -i(g) + 6*t(g). Calculate a(-3).
-9
Suppose 0 = 3*s - 0*s - 7*s. Let o(m) be the third derivative of -1/6*m**3 - 1/20*m**5 + 1/120*m**6 + s + 2*m**2 + 0*m - 1/12*m**4. What is o(2)?
-9
Let b(w) be the first derivative of w**2/2 + 3*w - 3. Let y be (-2)/(-5) - 64/10. Let t = 6 + y. Give b(t).
3
Let o(u) = -u**3 - 4*u**2 - 2*u + 3. Let d be (-1 + 4)*190/(-57). Let l(p) be the third derivative of p**4/24 + 7*p**3/6 - p**2. Let t be l(d). What is o(t)?
0
Suppose 3*p + 4 = -p. Let w(l) be the second derivative of l**5/10 + l**4/12 + l**3/6 + l. What is w(p)?
-2
Let s(d) = d + 7. Let m(g) = -2*g**2 - 8*g + 5. Let b be m(-5). Calculate s(b).
2
Let b(s) be the third derivative of s**5/60 + 5*s**4/24 + s**3/6 + 39*s**2. Give b(-5).
1
Let j(d) = -453*d + 0 + 450*d + 4 + 0*d**2 - d**2. Determine j(-4).
0
Let h(j) = -j**3 - 4*j**2 + 5*j - 1. Suppose 10 = -4*y + 2. Let d be y/(2/4*-2). Suppose 2*z = -2*a + 6*a + 6, 10 = d*z - 5*a. Determine h(z).
-1
Suppose -t - b + 2 = 0, t + 3*t = -3*b + 9. Let h(u) = -u**3 + 5*u - 3. Calculate h(t).
-15
Suppose -2*s = -0 + 10. Let l(f) = -9*f + 1. Let j(b) = 22*b - 2